92.
2, 7, 43, 181
What are the prime factors of 1518382?
2, 29, 47, 557
What are the prime factors of 22888751?
313, 73127
What are the prime factors of 388498?
2, 11, 17659
What are the prime factors of 11588487?
3, 29, 133201
What are the prime factors of 618630?
2, 3, 5, 17, 1213
List the prime factors of 123452.
2, 7, 4409
What are the prime factors of 11849692?
2, 19, 23, 6779
What are the prime factors of 872391?
3, 13, 22369
List the prime factors of 1197418.
2, 19, 31511
List the prime factors of 1691562.
2, 3, 281927
What are the prime factors of 29649401?
29649401
What are the prime factors of 5867138?
2, 191, 15359
List the prime factors of 18460.
2, 5, 13, 71
What are the prime factors of 266002?
2, 11, 107, 113
List the prime factors of 222588.
2, 3, 229
What are the prime factors of 4137609?
3, 7, 4021
List the prime factors of 346066.
2, 7, 19, 1301
What are the prime factors of 285609?
3, 95203
What are the prime factors of 402912?
2, 3, 1399
List the prime factors of 224090.
2, 5, 22409
List the prime factors of 1079865.
3, 5, 19, 421
What are the prime factors of 394050?
2, 3, 5, 37, 71
What are the prime factors of 2680802?
2, 1340401
What are the prime factors of 539451?
3, 11, 5449
List the prime factors of 28643.
28643
List the prime factors of 1041250.
2, 5, 7, 17
What are the prime factors of 539759?
11, 49069
What are the prime factors of 21083492?
2, 5270873
List the prime factors of 517159.
277, 1867
List the prime factors of 5494082.
2, 11, 41, 6091
List the prime factors of 232767.
3, 37, 233
List the prime factors of 545914.
2, 107, 2551
List the prime factors of 1780385.
5, 356077
List the prime factors of 380740.
2, 5, 19037
What are the prime factors of 611482?
2, 305741
List the prime factors of 552899.
552899
List the prime factors of 132635.
5, 41, 647
What are the prime factors of 537484?
2, 134371
List the prime factors of 47397.
3, 7, 37, 61
What are the prime factors of 299206?
2, 149603
What are the prime factors of 151810?
2, 5, 17, 19, 47
What are the prime factors of 134323?
7, 31, 619
List the prime factors of 169289.
41, 4129
What are the prime factors of 1852415?
5, 370483
List the prime factors of 4010528.
2, 125329
List the prime factors of 103487.
239, 433
List the prime factors of 13789829.
937, 14717
What are the prime factors of 3680833?
13, 59, 4799
List the prime factors of 724120.
2, 5, 43, 421
What are the prime factors of 287142?
2, 3, 47857
What are the prime factors of 2947649?
2947649
List the prime factors of 489900.
2, 3, 5, 23, 71
List the prime factors of 30156375.
3, 5, 29, 47, 59
What are the prime factors of 2073461?
13, 12269
List the prime factors of 159861.
3, 13, 4099
What are the prime factors of 217858?
2, 108929
What are the prime factors of 1373700?
2, 3, 5, 19, 241
What are the prime factors of 699317?
263, 2659
What are the prime factors of 6204914?
2, 83, 37379
What are the prime factors of 38630655?
3, 5, 7, 40879
What are the prime factors of 3707428?
2, 17, 54521
List the prime factors of 2842128.
2, 3, 17, 43
What are the prime factors of 11654217?
3, 359, 3607
List the prime factors of 730859.
503, 1453
What are the prime factors of 204078?
2, 3, 7, 43, 113
List the prime factors of 61289.
167, 367
What are the prime factors of 1767797?
41, 43117
List the prime factors of 3879177.
3, 113, 11443
List the prime factors of 681512.
2, 13, 6553
List the prime factors of 154679.
7, 19, 1163
What are the prime factors of 183018?
2, 3, 11, 47, 59
List the prime factors of 4028985.
3, 5, 89533
List the prime factors of 4444488.
2, 3, 61729
What are the prime factors of 7924019?
7924019
List the prime factors of 142660.
2, 5, 7, 1019
List the prime factors of 3434436.
2, 3, 95401
What are the prime factors of 4697323?
1423, 3301
What are the prime factors of 25977598?
2, 17, 19, 40213
What are the prime factors of 177393?
3, 29, 2039
What are the prime factors of 874536?
2, 3, 13, 2803
List the prime factors of 1104037.
11, 167, 601
List the prime factors of 22614241.
13, 1739557
What are the prime factors of 3450910?
2, 5, 59, 5849
What are the prime factors of 5830487?
13, 41, 10939
What are the prime factors of 974020?
2, 5, 31, 1571
What are the prime factors of 1899770?
2, 5, 189977
List the prime factors of 10263040.
2, 5, 19, 211
List the prime factors of 21440377.
7, 103, 131, 227
What are the prime factors of 420279?
3, 23, 6091
What are the prime factors of 3162713?
31, 102023
What are the prime factors of 20493894?
2, 3, 19, 29, 6199
List the prime factors of 4369864.
2, 546233
List the prime factors of 14392720.
2, 5, 179909
List the prime factors of 78521.
233, 337
What are the prime factors of 29932059?
3, 131, 76163
What are the prime factors of 59253?
3, 19751
List the prime factors of 5942807.
13, 457139
What are the prime factors of 953133?
3, 317711
List the prime factors of 596534.
2, 461, 647
List the prime factors of 506090.
2, 5, 13, 17, 229
List the prime factors of 94271.
31, 3041
List the prime factors of 38141315.
5, 31, 246073
List the prime factors of 19377198.
2, 3, 281, 1277
List the prime factors of 1113855.
3, 5, 74257
What are the prime factors of 2795284?
2, 698821
What are the prime factors of 8975188?
2, 2243797
What are the prime factors of 286695?
3, 5, 23, 277
List the prime factors of 182010.
2, 3, 5, 6067
List the prime factors of 9430580.
2, 5, 17, 27737
What are the prime factors of 37993952?
2, 1187311
What are the prime factors of 387310?
2, 5, 7, 11, 503
List the prime factors of 40790.
2, 5, 4079
What are the prime factors of 131262?
2, 3, 131, 167
List the prime factors of 3221896.
2, 67, 6011
List the prime factors of 831972.
2, 3, 19, 41, 89
What are the prime factors of 67907?
7, 89, 109
What are the prime factors of 2037703?
157, 12979
List the prime factors of 127113.
3, 7, 6053
List the prime factors of 134736.
2, 3, 7, 401
List the prime factors of 4548.
2, 3, 379
What are the prime factors of 48832?
2, 7, 109
List the prime factors of 204370.
2, 5, 107, 191
List the prime factors of 285211.
73, 3907
What are the prime factors of 12480?
2, 3, 5, 13
List the prime factors of 36689548.
2, 7, 61, 21481
List the prime factors of 1308330.
2, 3, 5, 14537
What are the prime factors of 193504?
2, 6047
What are the prime factors of 835641?
3, 92849
What are the prime factors of 3063583?
3063583
List the prime factors of 1277825.
5, 79, 647
What are the prime factors of 6086110?
2, 5, 608611
What are the prime factors of 10828691?
10828691
List the prime factors of 93906.
2, 3, 37, 47
What are the prime factors of 73448?
2, 9181
What are the prime factors of 3525730?
2, 5, 13, 37, 733
List the prime factors of 7081565.
5, 67, 21139
What are the prime factors of 6809181?
3, 31, 211, 347
List the prime factors of 10822228.
2, 439, 6163
List the prime factors of 162496.
2, 2539
What are the prime factors of 9121310?
2, 5, 11, 101, 821
What are the prime factors of 3029966?
2, 79, 127, 151
What are the prime factors of 2614765?
5, 61, 8573
List the prime factors of 215554.
2, 107777
List the prime factors of 7066762.
2, 3533381
What are the prime factors of 5806465?
5, 7, 23, 7213
What are the prime factors of 180539?
180539
What are the prime factors of 263702?
2, 79, 1669
List the prime factors of 293970.
2, 3, 5, 41, 239
What are the prime factors of 487896?
2, 3, 29, 701
What are the prime factors of 525542?
2, 71, 3701
What are the prime factors of 119294?
2, 7, 8521
What are the prime factors of 8098162?
2, 23, 176047
List the prime factors of 4013384.
2, 31, 16183
What are the prime factors of 32833?
32833
What are the prime factors of 9917708?
2, 277, 8951
What are the prime factors of 11102616?
2, 3, 7, 1049
What are the prime factors of 20554282?
2, 7, 1468163
What are the prime factors of 819207?
3, 30341
What are the prime factors of 6591576?
2, 3, 269, 1021
List the prime factors of 781422.
2, 3, 17, 47, 163
List the prime factors of 34954807.
34954807
What are the prime factors of 13371608?
2, 1671451
List the prime factors of 118778.
2, 11, 5399
List the prime factors of 4470278.
2, 2235139
What are the prime factors of 641265?
3, 5, 42751
What are the prime factors of 4394206?
2, 19, 115637
List the prime fac